 digit of 19274626?
2
What is the millions digit of 12330717?
2
What is the units digit of 549961?
1
What is the hundreds digit of 24482821?
8
What is the ten thousands digit of 78558?
7
What is the tens digit of 350983?
8
What is the ten thousands digit of 663506?
6
What is the ten millions digit of 35952620?
3
What is the thousands digit of 5306436?
6
What is the thousands digit of 4099322?
9
What is the thousands digit of 330679?
0
What is the hundreds digit of 115643?
6
What is the units digit of 192383?
3
What is the hundred thousands digit of 12596566?
5
What is the millions digit of 2867391?
2
What is the units digit of 22332173?
3
What is the units digit of 438296?
6
What is the ten thousands digit of 204068?
0
What is the tens digit of 589355?
5
What is the millions digit of 6875456?
6
What is the ten thousands digit of 164901?
6
What is the millions digit of 1188565?
1
What is the ten thousands digit of 304553?
0
What is the tens digit of 7064267?
6
What is the tens digit of 134180?
8
What is the hundred thousands digit of 3216896?
2
What is the millions digit of 5638249?
5
What is the thousands digit of 1278884?
8
What is the tens digit of 291586?
8
What is the hundreds digit of 14094118?
1
What is the tens digit of 2831263?
6
What is the ten thousands digit of 80529?
8
What is the tens digit of 1507669?
6
What is the ten thousands digit of 20523552?
2
What is the thousands digit of 1433619?
3
What is the hundreds digit of 2816334?
3
What is the tens digit of 4993717?
1
What is the tens digit of 1640056?
5
What is the units digit of 13176654?
4
What is the thousands digit of 17125888?
5
What is the hundreds digit of 406733?
7
What is the hundred thousands digit of 1048383?
0
What is the hundred thousands digit of 277321?
2
What is the thousands digit of 229898?
9
What is the tens digit of 421787?
8
What is the hundred thousands digit of 1222148?
2
What is the hundreds digit of 2879882?
8
What is the tens digit of 296953?
5
What is the ten thousands digit of 19032620?
3
What is the tens digit of 1853507?
0
What is the millions digit of 1923167?
1
What is the thousands digit of 933339?
3
What is the units digit of 10379272?
2
What is the units digit of 8116238?
8
What is the hundred thousands digit of 13276798?
2
What is the tens digit of 6997771?
7
What is the hundred thousands digit of 2152759?
1
What is the thousands digit of 3762616?
2
What is the tens digit of 340727?
2
What is the hundreds digit of 19305422?
4
What is the hundred thousands digit of 10470648?
4
What is the hundreds digit of 8833107?
1
What is the millions digit of 4940638?
4
What is the units digit of 225101?
1
What is the thousands digit of 3624342?
4
What is the units digit of 154206?
6
What is the ten thousands digit of 583779?
8
What is the hundreds digit of 3600358?
3
What is the tens digit of 6708335?
3
What is the ten thousands digit of 344911?
4
What is the hundred thousands digit of 140654?
1
What is the tens digit of 8232570?
7
What is the hundreds digit of 992864?
8
What is the ten thousands digit of 4400823?
0
What is the hundred thousands digit of 723145?
7
What is the ten thousands digit of 250185?
5
What is the hundreds digit of 294473?
4
What is the hundred thousands digit of 135556?
1
What is the tens digit of 39238?
3
What is the hundreds digit of 1469533?
5
What is the thousands digit of 2078289?
8
What is the ten thousands digit of 14800358?
0
What is the millions digit of 1511700?
1
What is the ten thousands digit of 3635152?
3
What is the units digit of 2393352?
2
What is the units digit of 445005?
5
What is the hundreds digit of 363909?
9
What is the hundred thousands digit of 1775044?
7
What is the hundreds digit of 46740?
7
What is the tens digit of 261911?
1
What is the hundred thousands digit of 2014369?
0
What is the units digit of 16739?
9
What is the millions digit of 1537288?
1
What is the thousands digit of 1651181?
1
What is the ten thousands digit of 240949?
4
What is the units digit of 2201722?
2
What is the thousands digit of 16830954?
0
What is the units digit of 8271237?
7
What is the hundreds digit of 663909?
9
What is the millions digit of 5674635?
5
What is the units digit of 3822370?
0
What is the hundred thousands digit of 158207?
1
What is the hundred thousands digit of 626195?
6
What is the hundred thousands digit of 5486122?
4
What is the tens digit of 414560?
6
What is the units digit of 1972240?
0
What is the thousands digit of 255092?
5
What is the hundreds digit of 384511?
5
What is the units digit of 4277582?
2
What is the units digit of 82547?
7
What is the units digit of 718566?
6
What is the ten thousands digit of 287848?
8
What is the ten thousands digit of 836604?
3
What is the thousands digit of 3740921?
0
What is the units digit of 10124977?
7
What is the ten thousands digit of 247503?
4
What is the thousands digit of 616308?
6
What is the hundred thousands digit of 1198843?
1
What is the ten thousands digit of 169945?
6
What is the hundreds digit of 175351?
3
What is the hundred thousands digit of 258013?
2
What is the thousands digit of 14404572?
4
What is the thousands digit of 342926?
2
What is the thousands digit of 7487513?
7
What is the hundred thousands digit of 18051733?
0
What is the tens digit of 6588235?
3
What is the hundreds digit of 16625226?
2
What is the ten thousands digit of 231722?
3
What is the hundred thousands digit of 14173124?
1
What is the tens digit of 3077107?
0
What is the tens digit of 9471487?
8
What is the tens digit of 33895354?
5
What is the hundred thousands digit of 544517?
5
What is the millions digit of 5211910?
5
What is the hundred thousands digit of 10447012?
4
What is the ten thousands digit of 419978?
1
What is the hundreds digit of 842711?
7
What is the hundreds digit of 15529524?
5
What is the ten thousands digit of 13688086?
8
What is the thousands digit of 252511?
2
What is the thousands digit of 1767342?
7
What is the thousands digit of 343885?
3
What is the hundreds digit of 1021618?
6
What is the hundred thousands digit of 734255?
7
What is the hundreds digit of 14098936?
9
What is the ten thousands digit of 1896145?
9
What is the hundred thousands digit of 477029?
4
What is the tens digit of 2262820?
2
What is the hundreds digit of 1255941?
9
What is the thousands digit of 1300231?
0
What is the ten thousands digit of 30169?
3
What is the thousands digit of 11901379?
1
What is the hundred thousands digit of 138332?
1
What is the millions digit of 3567835?
3
What is the tens digit of 2501692?
9
What is the tens digit of 695225?
2
What is the hundred thousands digit of 9841411?
8
What is the hundreds digit of 210169?
1
What is the tens digit of 4144664?
6
What is the ten thousands digit of 452670?
5
What is the millions digit of 8314256?
8
What is the hundreds digit of 2175854?
8
What is the ten thousands digit of 173144?
7
What is the thousands digit of 101074?
1
What is the thousands digit of 262562?
2
What is the thousands digit of 190808?
0
What is the thousands digit of 1076061?
6
What is the hundreds digit of 4355886?
8
What is the millions digit of 1160652?
1
What is the units digit of 141656?
6
What is the hundreds digit of 16212736?
7
What is the tens digit of 610481?
8
What is the hundred thousands digit of 464945?
4
What is the thousands digit of 10270678?
0
What is the thousands digit of 162989?
2
What is the thousands digit of 1635196?
5
What is the hundreds digit of 3907703?
7
What is the hundreds digit of 595269?
2
What is the units digit of 283803?
3
What is the millions digit of 3940221?
3
What is the units digit of 305264?
4
What is the units digit of 32362560?
0
What is the tens digit of 134936?
3
What is the tens digit of 163182?
8
What is the units digit of 3066847?
7
What is the hundred thousands digit of 2631698?
6
What is the hundred thousands digit of 2162955?
1
What is the hundreds digit of 967001?
0
What is the tens digit of 167953?
5
What is the tens digit of 14488762?
6
What is the millions digit of 1038666?
1
What is the hundreds digit of 936555?
5
What is the ten thousands digit of 525844?
2
What is the hundreds digit of 572634?
6
What is the units digit of 169798?
8
What is the thousands digit of 1452306?
2
What is the un